 359747 prime?
True
Is 372367 a prime number?
True
Is 13043 a prime number?
True
Is 1360277 prime?
True
Is 566855 composite?
True
Is 668671 a prime number?
True
Is 40643 prime?
False
Is 36433 composite?
False
Is 23341 a composite number?
True
Is 29269 prime?
True
Is 10005823 a composite number?
False
Is 312083 a prime number?
True
Is 387151 prime?
True
Is 805382 a prime number?
False
Is 221773 a prime number?
True
Is 22353 composite?
True
Is 153929 composite?
False
Is 2041757 prime?
True
Is 1079 composite?
True
Is 328439 composite?
False
Is 294869 a composite number?
False
Is 194371 prime?
True
Is 1149963 composite?
True
Is 14077 composite?
True
Is 12197 a composite number?
False
Is 3881 a composite number?
False
Is 162589 prime?
False
Is 18965 a composite number?
True
Is 188229 composite?
True
Is 615301 composite?
True
Is 59597 composite?
True
Is 7033 composite?
True
Is 7817 a composite number?
False
Is 2953 prime?
True
Is 5147 composite?
False
Is 17521 composite?
True
Is 4804738 prime?
False
Is 150159 a composite number?
True
Is 17239 composite?
False
Is 4967969 prime?
True
Is 39157 a composite number?
False
Is 7411 prime?
True
Is 12086 composite?
True
Is 2315 composite?
True
Is 1126063 a composite number?
True
Is 331 prime?
True
Is 5539 a prime number?
False
Is 587473 composite?
False
Is 692411 a prime number?
False
Is 101033 prime?
False
Is 56495 composite?
True
Is 493121 prime?
True
Is 206699 a composite number?
False
Is 128069 prime?
False
Is 81799 composite?
False
Is 5903 prime?
True
Is 626051 composite?
False
Is 2333 a composite number?
False
Is 45481 composite?
False
Is 4399 composite?
True
Is 2999 prime?
True
Is 4771 prime?
False
Is 270859 prime?
True
Is 587473 prime?
True
Is 6247 a composite number?
False
Is 6229 composite?
False
Is 1189 a prime number?
False
Is 45737 a prime number?
True
Is 35669 composite?
True
Is 3041 prime?
True
Is 161831 composite?
False
Is 18607 composite?
True
Is 52339 composite?
True
Is 56213 a prime number?
False
Is 1443647 a prime number?
True
Is 7453 a prime number?
False
Is 218479 composite?
False
Is 49097 a prime number?
False
Is 55291 composite?
False
Is 71 a prime number?
True
Is 309353 a prime number?
False
Is 7283 composite?
False
Is 136231 prime?
False
Is 1142909 a composite number?
False
Is 182747 a composite number?
False
Is 15427 composite?
False
Is 1802773 a composite number?
True
Is 112265 a prime number?
False
Is 4327 composite?
False
Is 99983 prime?
False
Is 5123 composite?
True
Is 88183 prime?
False
Is 27731 prime?
False
Is 83687 a composite number?
True
Is 148331 a composite number?
False
Is 1802897 a composite number?
False
Is 43037 a prime number?
True
Is 9979 composite?
True
Is 7909 prime?
False
Is 155579 a prime number?
True
Is 138923 a composite number?
False
Is 3977 a prime number?
False
Is 240323 a composite number?
True
Is 7997 a prime number?
False
Is 4499 composite?
True
Is 924961 prime?
True
Is 20921 composite?
False
Is 54389 prime?
False
Is 2746 a prime number?
False
Is 251117 composite?
False
Is 15055 composite?
True
Is 227581 prime?
True
Is 17567 composite?
True
Is 295915 a composite number?
True
Is 1313 a prime number?
False
Is 8516905 prime?
False
Is 1308334 a composite number?
True
Is 4279 a prime number?
False
Is 5077 a prime number?
True
Is 314539 a composite number?
True
Is 61549 prime?
False
Is 65761 a prime number?
True
Is 676523 composite?
False
Is 6191 prime?
False
Is 3113443 a composite number?
False
Is 35477 a prime number?
False
Is 121637 a prime number?
True
Is 99001 composite?
True
Is 5519 composite?
False
Is 2447 a prime number?
True
Is 958 prime?
False
Is 530687 prime?
False
Is 84047 a composite number?
False
Is 324799 a composite number?
False
Is 272341 a prime number?
True
Is 10097 prime?
False
Is 87506 a prime number?
False
Is 387781 composite?
False
Is 48179 a prime number?
True
Is 675499 a prime number?
False
Is 9527 composite?
True
Is 24509 prime?
True
Is 6563 a composite number?
False
Is 73277 a composite number?
False
Is 3613 composite?
False
Is 75503 a composite number?
False
Is 11963 a composite number?
True
Is 139537 a composite number?
False
Is 2354977 a prime number?
False
Is 48058 composite?
True
Is 307015 a composite number?
True
Is 1041737 prime?
True
Is 956587 prime?
True
Is 3620839 prime?
True
Is 13223 a prime number?
False
Is 371897 composite?
False
Is 686119 prime?
False
Is 207743 composite?
False
Is 199 a prime number?
True
Is 5623 a composite number?
False
Is 41579 a composite number?
False
Is 9491 a prime number?
True
Is 37291 prime?
False
Is 13669 prime?
True
Is 2525417 a composite number?
False
Is 91421 prime?
False
Is 98717 prime?
True
Is 506417 composite?
False
Is 52489 composite?
False
Is 174787 prime?
False
Is 17146 a prime number?
False
Is 1246181 prime?
True
Is 302899 prime?
False
Is 173243 a composite number?
True
Is 1195 a prime number?
False
Is 478767 prime?
False
Is 315037 prime?
True
Is 13963 composite?
False
Is 80251 composite?
False
Is 10037 a prime number?
True
Is 21767 composite?
False
Is 1741 prime?
True
Is 61127 composite?
True
Is 450127 a prime number?
True
Is 83041 composite?
True
Is 428641 prime?
False
Is 7283 composite?
False
Is 230203 a prime number?
True
Is 46261 composite?
False
Is 12853 prime?
True
Is 4037 a prime number?
False
Is 10661 prime?
False
Is 16301 a prime number?
True
Is 193387 composite?
False
Is 25381 composite?
True
Is 219149 composite?
True
Is 2039407 prime?
True
Is 16871 prime?
True
Is 626351 a prime number?
False
Is 443171 a prime number?
True
Is 21077 composite?
True
Is 25703 prime?
True
Is 6947 prime?
True
Is 1837 composite?
True
Is 6407 composite?
True
Is 469 composite?
True
Is 6631 composite?
True
Is 135781 a prime number?
True
Is 72019 composite?
False
Is 8137 a composite number?
True
Is 26599 prime?
False
Is 129629 prime?
True
Is 70687 a composite number?
False
Is 963839 composite?
False
Is 17819 a prime number?
False
Is 256951 a composite number?
True
Is 43327 prime?
False
Is 42037 prime?
False
Is 12667 composite?
True
Is 107437 composite?
True
Is 19174 a prime number?
False
Is 972709 a composite number?
True
Is 27791 prime?
True
Is 3793 composite?
False
Is 4609 a composite number?
True
Is 624233 a prime number?
True
Is 287803 prime?
False
Is 20593 a composite number?
False
Is 3222217 a prime number?
True
Is 6959 a composite number?
False
Is 20833 composite?
True
Is 36947 prime?
True
Is 3491 a prime number?
True
Is 202133 a prime number?
False
Is 15527 composite?
False
Is 737 composite?
True
Is 334795 a composite number?
True
Is 59141 composite?
False
Is 635707 a composite number?
False
Is 1009153 a composite number?
False
Is 11549 a composite number?
False
Is 128023 composite?
True
Is 74463 a prime number?
False
Is 36323 a prime number?
False
Is 5074727 prime?
False
Is 48017 prime?
True
Is 386083 a composite number?
False
Is 88843 prime?
True
Is 3269 a composite number?
True
Is 330322 composite?
True
Is 92914 a prime number?
False
Is 56941 composite?
False
Is 86582 prime?
False
Is 153089 prime?
True
Is 24933 prime?
False
Is 3923273 a composite number?
True
Is 379 composite?
False
Is 254197 a prime number?
True
Is 634 composite?
True
Is 259271 a composite number?
False
Is 50633 a prime number?
False
Is 48049 prime?
True
Is 1527369 a prime number?
False
Is 12809 a composite number?
False
Is 118639 composite?
True
Is 177529 a prime number?
False
Is 25111 a composite number?
False
Is 23939 a composite number?
True
Is 4253 a composite number?
False
Is 176493 a composite number?
True
Is 311173 prime?
True
Is 1258961 prime?
False
Is 217727 prime?
True
Is 99923 a composite number?
False
Is 225067 prime?
True
Is 14395 prime?
False
Is 45943 prime?
True
Is 354421 composite?
False
Is 29071 composite?
True
Is 2253595 composite?
True
Is 32987 a composite number?
False
Is 4455235 a prime number?
False
Is 10786 composite?
True
Is 14479 composite?
False
Is 52759 composite?
True
Is 16447 composite?
False
Is 35753 composite?
False
Is 50329 prime?
True
Is 1283 prime?
True
Is 1227331 composite?
True
Is 214783 a composite number?
False
Is 1019431 prime?
False
Is 1168133 a composite number?
False
Is 24151 prime?
True
Is 289 a composite number?
True
Is 158489 composite?
False
Is 22769 a prime number?
Tru